is 381 - -144374?
144755
In base 13, what is 4 - 11689a40?
-11689a39
In base 2, what is 1111010100101010 + 101100101?
1111011010001111
In base 3, what is -11222221022200 + -12?
-11222221022212
In base 9, what is 270383365 + 1?
270383366
In base 9, what is 8462 - -2563?
12135
In base 10, what is 35972878 + -4?
35972874
In base 8, what is -1110 - -770262?
767152
In base 2, what is -10001 + 100011001001000100110?
100011001001000010101
In base 2, what is -10 + -1110101101100001001110100001?
-1110101101100001001110100011
In base 12, what is 2620386 - -33?
26203b9
In base 16, what is -39398 - 11?
-393a9
In base 13, what is 836337 - -25?
83635c
In base 9, what is -77114 - 1300?
-78414
In base 2, what is 1111101111001110110 - -1101011100?
1111110000111010010
In base 14, what is 14d - 1172?
-1023
In base 5, what is 1 - -4124103003?
4124103004
In base 6, what is -20 + -35243450?
-35243510
In base 10, what is 217829935 - 0?
217829935
In base 16, what is -159f9 - 14a?
-15b43
In base 8, what is 33650 - -1157?
35027
In base 13, what is 3 - -1269384?
1269387
In base 9, what is 3 - -180801473?
180801476
In base 7, what is 255224656 - 3?
255224653
In base 2, what is 100011100000100111100 - 11001111?
100011100000001101101
In base 10, what is -796 + 37514?
36718
In base 16, what is -924 - -1a6?
-77e
In base 9, what is -11120443 + 35?
-11120407
In base 3, what is 100212222101 + -20012220?
100122202111
In base 14, what is 29 + 154dbd?
155008
In base 7, what is 1600321142 - -2?
1600321144
In base 16, what is e56d2 - -43?
e5715
In base 3, what is -1001200 + 200000110?
121221210
In base 14, what is b0dc - 62?
b07a
In base 3, what is 21000221212 + 112?
21000222101
In base 3, what is 1222212100111 - 21?
1222212100020
In base 15, what is 1a - 1390837?
-139081c
In base 14, what is -1 - -a72cdb3?
a72cdb2
In base 11, what is 17377 + 30?
173a7
In base 14, what is -11 + -a3a40?
-a3a51
In base 13, what is -4801721 - a?
-480172b
In base 8, what is 4432 - 42630?
-36176
In base 9, what is 8 - -4788863?
4788872
In base 3, what is 122 + -20100021020?
-20100020121
In base 4, what is 11330322032 - -3313?
11330332011
In base 8, what is -6 - 267700174?
-267700202
In base 8, what is 123251277 + 2?
123251301
In base 6, what is 5501 + 122131?
132032
In base 3, what is -1202 - -2110112222?
2110111020
In base 16, what is 17b73d7f - 5?
17b73d7a
In base 7, what is -513554060 - 1?
-513554061
In base 13, what is 5 + -5510aca?
-5510ac5
In base 5, what is -43 - 34141041?
-34141134
In base 5, what is -133303221033 - 0?
-133303221033
In base 11, what is 9659 + -653?
9006
In base 12, what is -38b - -3740?
3371
In base 16, what is -16e + af96?
ae28
In base 16, what is 871e8 - 6e?
8717a
In base 5, what is -2232423 - -322?
-2232101
In base 11, what is 1499a704 - 5?
1499a6aa
In base 8, what is 344 + -3143?
-2577
In base 14, what is 2d + 8ba98?
8bac7
In base 13, what is -18398 - -20?
-18378
In base 9, what is 2 + -80526262?
-80526260
In base 13, what is -6 + b80cc?
b80c6
In base 2, what is -11 + 10011011100010110110011101100?
10011011100010110110011101001
In base 15, what is 14 + -88476?
-88462
In base 8, what is 70723256 - -3?
70723261
In base 12, what is 41 - -1b44b?
1b490
In base 9, what is 0 - 50773514?
-50773514
In base 7, what is -5 + -2515454543?
-2515454551
In base 16, what is 264b6f - -4?
264b73
In base 12, what is 6961 - 145a0?
-983b
In base 3, what is -112222120 - -10021012?
-102201101
In base 16, what is 48ab + -628?
4283
In base 11, what is 947213064 - -1?
947213065
In base 2, what is 10010101101 - -100101110111?
111000100100
In base 2, what is 1001110100111111 - -10110000?
1001110111101111
In base 6, what is 5454230 - -55?
5454325
In base 11, what is -1093841 + 3?
-1093839
In base 3, what is -11100 - -222022121?
222011021
In base 6, what is 10442334 - -111?
10442445
In base 5, what is 2214401 - 10444?
2203402
In base 3, what is -2 + 101010121001112000?
101010121001111221
In base 14, what is 429610 - 37b?
429273
In base 6, what is 542502 - 13515?
524543
In base 4, what is 21322120231 - 13?
21322120212
In base 4, what is 1 - 21330032331?
-21330032330
In base 3, what is 120121120002201122 + -11?
120121120002201111
In base 15, what is 4 - b34a41?
-b34a3c
In base 4, what is 1213032212 - 2310?
1213023302
In base 9, what is 3 - -23376424?
23376427
In base 15, what is -2 - -1d9394b?
1d93949
In base 6, what is -2114503 + 5425?
-2105034
In base 11, what is 11470 - -396?
11856
In base 11, what is -204017793 - 0?
-204017793
In base 9, what is -4 + -4240802?
-4240806
In base 14, what is -13548b44 - -1?
-13548b43
In base 7, what is -120 - -103601336?
103601216
In base 2, what is -11000000101101000 + -110111?
-11000000110011111
In base 10, what is -2 + 637636?
637634
In base 13, what is 428 - -6865?
6c90
In base 10, what is 35342 + 15610?
50952
In base 7, what is 2 - 340445046?
-340445044
In base 9, what is -203314 - 472?
-203786
In base 6, what is 150125151 + -122?
150125025
In base 9, what is 2 + -11227845?
-11227843
In base 12, what is -13a05186 - 2?
-13a05188
In base 10, what is 5478 - -208?
5686
In base 9, what is 73336227 + -1?
73336226
In base 8, what is -2152565051 - -1?
-2152565050
In base 3, what is -1201 - 200021222122?
-200022001100
In base 12, what is -326a + a20?
-244a
In base 3, what is -21211 - -1112210100220?
1112210002002
In base 11, what is -5a5411 + a5?
-5a5317
In base 14, what is -2 - -7a15c7?
7a15c5
In base 7, what is -3055001 - -15?
-3054653
In base 12, what is -11b - -335a?
323b
In base 9, what is -43531 + -2115?
-45646
In base 15, what is 13 + -c6900e?
-c68eeb
In base 3, what is -1 - 1010222120021111?
-1010222120021112
In base 14, what is 2 - -1ddc10?
1ddc12
In base 6, what is -22432041 - 10?
-22432051
In base 9, what is 1717 + -428757?
-427040
In base 7, what is 6 + -3021523?
-3021514
In base 15, what is -10bd99 - 2?
-10bd9b
In base 12, what is -3275182 - 0?
-3275182
In base 3, what is -11101120 + 21100110222?
21012002102
In base 9, what is 786 + 41852?
42748
In base 2, what is 10100001101001111010100011 + 10001?
10100001101001111010110100
In base 8, what is 1 - -240117?
240120
In base 7, what is 335 + -12522652?
-12522314
In base 2, what is -10111 + 111001101001111010011?
111001101001110111100
In base 5, what is 31001441040 - 3?
31001441032
In base 11, what is 267708491 + -5?
267708487
In base 14, what is 8 + -67338ba?
-67338b2
In base 15, what is 4 + -295663e?
-295663a
In base 2, what is 1011110000110100011000011 - 10?
1011110000110100011000001
In base 14, what is 5 - 3193781?
-319377a
In base 4, what is 220003 + 132033?
1012102
In base 4, what is -1302320002 + -11230?
-1302331232
In base 7, what is -641 - 12501?
-13442
In base 3, what is 2 - -102021102102021?
102021102102100
In base 7, what is 41245 - 1553?
36362
In base 10, what is 1548 - 97506?
-95958
In base 12, what is -5 - -4a4a309?
4a4a304
In base 14, what is -2955 - -c089?
9534
In base 14, what is -2641 + -3d0?
-2a31
In base 12, what is -13 - b9836?
-b9849
In base 16, what is -4 - 2ca376b?
-2ca376f
In base 9, what is 303063237 - 0?
303063237
In base 13, what is -2 - -20c668?
20c666
In base 9, what is 17 + -12141342?
-12141324
In base 10, what is -2678 + 3091?
413
In base 2, what is -1110010010000011001101100 - 0?
-1110010010000011001101100
In base 9, what is -22 - -43383?
43361
In base 12, what is -2a6b0b2 + 15?
-2a6b099
In base 2, what is 1011011010100 - -1010111010111?
10110010101011
In base 15, what is -c50bd + 147?
-c4e76
In base 14, what is -5caa22 + -2?
-5caa24
In base 11, what is -76951 + 273?
-76689
In base 13, what is -19702 - -13a2?
-18330
In base 3, what is 110220 - -1020201020?
1021012010
In base 4, what is 131023 - -200323?
332012
In base 13, what is -18 - -1a140c1?
1a140a6
In base 6, what is -243031500 - 5?
-243031505
In base 3, what is -2020110102020011212 - -11?
-2020110102020011201
In base 14, what is -1110 + 12a0c?
118dc
In base 5, what is -3 + 413110131?
413110123
In base 7, what is -1146213 - 415?
-1146631
In base 8, what is 22 + -255673205?
-255673163
In base 11, what is 5 - -a8a327?
a8a331
In base 7, what is 5 - 32246164?
-32246156
In base 5, what is -2144111 - 12412?
-2212023
In base 10, what is 4 - -83517572?
83517576
In base 9, what is -706273000 + 0?
-706273000
In base 6, what is 1030 + 4